Suppose 14 = -2*n + 2*f, 0 = -n - 9*f + 4*f - 7. Give w(n).
-8
Let y(m) be the first derivative of -4 + 5/3*m**3 + 3*m - 1/4*m**4 + 0*m**2. Give y(5).
3
Suppose -3*b + 3 = 18, -r + 2*b + 9 = 0. Let t(s) = -s + 1. Give t(r).
2
Let o be ((-6)/(-4))/((-2)/(-4)). Let m = 7 - o. Let a(y) be the third derivative of y**6/120 - y**5/12 + 5*y**4/24 - y**3/2 - 2*y**2. What is a(m)?
1
Let x = -35 - -34. Suppose 2*v - 7 = 3*c, 0*v - c + 1 = v. Let g(z) = 1 - 8*z**v - z - 1. Determine g(x).
-7
Suppose 12 + 3 = 3*k. Suppose 7*y - 8 = k*y. Let q(g) = -y*g - 1 + 2*g - 3*g. What is q(2)?
-11
Let b(k) = 2*k**2 - k - 1. Let q = -5 + -2. Let f(s) = -6*s**2 + 2*s + 3. Let n(g) = q*b(g) - 2*f(g). Determine n(3).
-8
Let k be (-83)/(-9) + (-10)/45. Suppose 0 = -3*s + k - 3. Let y(f) = -5*f + 2*f + s*f. Determine y(4).
-4
Let q(v) = 4*v + 1. Suppose 1 = -c + 2. Give q(c).
5
Let j(t) be the first derivative of -4*t + 1/2*t**2 - 1. Give j(4).
0
Let u be 10/1 + 12/(-6). Suppose -u = -0*b - 2*b. Let p(k) = 17*k - 11. Let v(n) = -4*n + 3. Let f(i) = -2*p(i) - 9*v(i). What is f(b)?
3
Let g(m) = -m + 5. Suppose -4*c - 2*j + 4 + 16 = 0, 0 = -c - 5*j + 23. Calculate g(c).
2
Suppose j + 2 = 4*m, 4*j - m + 8 = m. Let t be j + (-1)/((-2)/12). Let a = t + -9. Let z(r) = r**2 + 6*r + 7. Calculate z(a).
2
Suppose -5 = 3*b - 2. Let j(c) = 2*c**3 + 2*c**2 - 1. Calculate j(b).
-1
Let l(q) = q**3 - 3 + 0*q**3 + 5*q**2 - 1 - 7*q. Suppose -38 = 5*f + 4*s, -5*f + 2*s - 16 = 10. Determine l(f).
2
Let a(m) be the third derivative of m**6/360 - m**5/15 + m**4/12 - m**3/3 + m**2. Let v(t) be the first derivative of a(t). What is v(6)?
-10
Suppose -w - 4*w = 0. Let m = 0 + w. Let v(q) = 0*q - 3 - 3*q + m*q. What is v(-2)?
3
Let x be -4 + (28/(-8) + 3)*2. Let r(o) = o**3 + 6*o**2 + 3*o - 6. What is r(x)?
4
Let i(k) = -k**2 + 4*k + 14. Let n be i(6). Let a be n/(-3*1/(-3)). Let b(h) = -2*h**2 - 2. Determine b(a).
-10
Suppose 2*u - 12 = 5*k, u + 3*k + 24 = 5*u. Let g(d) = 6*d - d**3 - 6 - 5*d**2 - 6*d**3 + u*d**3. Give g(-6).
-6
Let d(p) = p**2 + 5*p + 5. Let i = 103 + -110. Let q be (-2)/(-1)*6/4. Let t = q + i. Give d(t).
1
Let v(h) = -h**2 + 4. Let g = 5 - 8. Let f be (g - -2)*-1 - -2. Give v(f).
-5
Let z(l) be the first derivative of -l**3/3 - 6*l - 24. Let b(i) = -i**3 - 7*i**2 - i - 7. Let o be b(-7). What is z(o)?
-6
Let i(u) be the second derivative of 5*u**3/6 + u**2 + 24*u. What is i(-2)?
-8
Suppose 4*s + 6 + 6 = 0, -a - 3*s = 5. Let p(m) = -3*m - 2*m - 5 + 4*m + a. Give p(1).
-2
Let c be 4/(-24) + 13/6. Suppose i = c*i - 1. Let o(w) = 10*w**2 - w. Calculate o(i).
9
Let w(i) = -3*i**3 - i - 1. Let p(u) = -2*u - 13. Let k be p(-6). What is w(k)?
3
Let w(f) = f**3 + 6*f**2 + 5*f - 3. Let t be (-42)/9 - (-8 + 4)/(-12). Give w(t).
-3
Let m(d) = 5*d**2 + 2 - d**3 + 0*d**2 - 3*d - 5. Let v be 1/((0 + 2)/10). Suppose -l = -v*l + 16. Give m(l).
1
Let l(n) = -6*n + 4*n - 2*n**2 + 4*n**2 - n**2. Determine l(2).
0
Suppose -l - 9 = 2*l. Let z(b) = b**2 + b - 2. Let f be z(2). Let t(u) = -2 - 3 + f - u. What is t(l)?
2
Suppose 2 = 8*a - 7*a. Let n = -3 - -5. Let v(l) = a*l**2 - 5*l**2 + 3*l**2 - l**n. Determine v(-3).
-9
Let k(g) be the third derivative of g**9/60480 - g**7/1260 - g**6/240 - g**5/20 + 2*g**2. Let h(z) be the third derivative of k(z). What is h(-2)?
-3
Suppose 3*c = -1 - 8. Let a(s) = s**3 + 4*s**2 + 4*s + 4. Let l be a(c). Let n(b) = b + 1. Let u(d) = 7*d + 5. Let r(j) = 6*n(j) - u(j). Give r(l).
0
Let h(q) = -q + 6. Let v(l) = -3. Let t(x) = 7 - 1 + 1. Let n(d) = -2*t(d) - 5*v(d). Let w(b) = h(b) - 6*n(b). What is w(-5)?
5
Let q(x) = 3*x. Suppose 0 = s - 4*t - 0*t - 11, -3*t = 9. Give q(s).
-3
Let v be 6/(1*(4 - 2)). Let z be v/(-2)*(-6)/3. Let n be z/(-4) - (-9)/12. Let f(w) = -w - 6. Determine f(n).
-6
Let b(d) = d**2 - 4. Let c be b(0). Let n = -3 - c. Let h(t) = 11*t**2 - t. Determine h(n).
10
Let s(l) be the second derivative of -3/2*l**2 + 2/3*l**3 + 3*l + 0 - 1/12*l**4. Let y(i) = i**3 + 2*i**2 - i. Let a be y(1). What is s(a)?
1
Let k = 4 - 9. Let d(u) be the second derivative of -6*u + 5/2*u**2 - 5/6*u**3 + 1/3*u**4 + 1/20*u**5 + 0. What is d(k)?
5
Let q(k) = 7*k**3 - k**2. Let z be (-6*(-3)/(-6) + 2)/1. Calculate q(z).
-8
Let l(n) = n**2 - 2. Suppose 0*o - 4*o = -8. Suppose 2 + 2 = o*z. Suppose -t = -0*t + z. Determine l(t).
2
Let f(c) be the second derivative of c**4/12 - c**3 - 5*c**2/2 - 6*c. Calculate f(7).
2
Let r(h) = -6*h - 14. Let o be r(-3). Let c(w) be the first derivative of -3/2*w**2 + o - 4*w. Calculate c(-4).
8
Let k(g) = -g + 2. Let x be k(0). Let p(l) = l + 4 - x - 4 + 6. Give p(-5).
-1
Let l(f) = 3*f**3 - 3*f**2 + f + 3. Let n(i) = 13*i**3 - 12*i**2 + 4*i + 13. Let u(o) = 9*l(o) - 2*n(o). Determine u(3).
4
Let a(x) be the first derivative of -x**3 + 2*x + 5. Calculate a(-2).
-10
Suppose 3*l + 5*r = 2*l + 2, 0 = 5*l - 2*r - 10. Suppose 4 - l = 2*n. Let i(h) = -n + 0*h - 2 - 2*h. Determine i(-2).
1
Let g(o) = o**2 + 5*o + 2. Let a(t) = 2*t**2 + 10*t + 3. Let w(b) = 6*a(b) - 11*g(b). What is w(-5)?
-4
Let f(s) be the second derivative of 5/2*s**2 + 0 - 1/6*s**3 - s. Determine f(4).
1
Let r(c) = -7*c**3 - 5*c**2 - 5*c + 10. Let l(m) = m**3 - 1. Let k(y) = 6*l(y) + r(y). What is k(-4)?
8
Let z be 3*(-2)/(-12)*4. Suppose 5*p + 15 = 0, -4*l + 45 = -p + z*p. Suppose -3*x + l = -0*x. Let w(n) = -n**3 + 3*n**2 + 7*n - 5. What is w(x)?
7
Let f be 33/2 - 2/4. Suppose 4*y = -8 - f. Let g(d) = -d**3 - 6*d**2 + 2. Calculate g(y).
2
Let r(m) = m - 5. Let o be r(8). Suppose -23 = 5*y + 4*j + o, 4*j = -3*y - 14. Let i(d) be the second derivative of d**3/6 + 3*d**2/2 + d. Determine i(y).
-3
Let c(t) = 1338*t**2 + 0*t + 3*t - 2 + t**3 - 1340*t**2. Let h(p) = -p**2 + 4*p + 2. Let s be h(4). Calculate c(s).
4
Let w(z) = -4*z - 3. Suppose 4 = -t + 3*t. Suppose 0 = 4*g - 5*g - t. Give w(g).
5
Let w(y) = y - 1. Let m(d) = -d**2 + d + 4. Let s(q) = -m(q) - w(q). Give s(-2).
5
Suppose 0 = -0*w - w. Suppose w = -3*y - 5*b + 3 + 2, -y = -2*b - 9. Let q(x) = -7*x + 2*x**2 - x**2 - 2*x**2 + 2*x**2. Give q(y).
-10
Let d(i) = i**2 + 2*i - 6. Let b = 104 - 108. Calculate d(b).
2
Let q(n) = 2*n + 2*n - n. Determine q(1).
3
Let g(s) be the third derivative of s**6/360 - s**5/30 + 5*s**4/24 + 4*s**3/3 - 5*s**2. Let w(v) be the first derivative of g(v). Calculate w(4).
5
Let q(o) = 2*o. Let y(g) be the third derivative of g**4/3 + g**3/6 + 2*g**2. Let n(p) = 9*q(p) - 2*y(p). Calculate n(5).
8
Let j(c) be the third derivative of 0*c - 2*c**2 - c**3 - 1/60*c**5 + 0 + 7/24*c**4. Calculate j(6).
0
Let m(s) be the second derivative of -s**3/6 - 2*s**2 - s. Suppose -2*r = -10 - 2. Suppose r*h = h - 20. Determine m(h).
0
Let f(q) = q**3 + 4 - 4 - q + 0*q**3 - 5*q**2. Let x be -2*((-15)/6 - 0). Give f(x).
-5
Let d(i) be the second derivative of i**4/12 - 2*i. Let p = 4 + -5. Calculate d(p).
1
Let s(d) = -4*d**3 - 9*d**2 + d + 4. Let l(m) = -3*m**3 - 8*m**2 + m + 3. Let u be (3/(-6))/((-1)/(-10)). Let h(c) = u*l(c) + 4*s(c). Determine h(3).
7
Let l(o) = 5*o**2 - 1. Suppose -z = -4*n + 17, -2*n + 0*n = -z - 9. Let r = z - 0. Calculate l(r).
4
Let l(k) = -k - 10. Let c be (-4)/(-14) + (-309)/(-21). Suppose -4*p - c = m, 5*p + 19 = -m - 0*m. Let d be m/4 + 21/(-4). Give l(d).
-5
Let s(f) = -3 - f + 0*f + 4. Determine s(5).
-4
Let y(c) = c**2 + 2*c. Let t be (-16)/6*(1 - -2). Let s be t/36 + (-11)/(-9). Let x = s - 2. Give y(x).
-1
Let p(l) = -l**2 - 3 - l**2 - 5*l - 4*l. Let q(i) = -3*i**2 - 10*i - 4. Let u(n) = 4*p(n) - 3*q(n). Calculate u(5).
-5
Let y be 2/5 - 18/(-5). Suppose 2*u - y*p + 8 = -0*u, -8 = u - 3*p. Let m(s) = -u*s**2 - 2*s + 2*s**2 + 1 + 5*s**2. What is m(1)?
2
Let i = 115 - 119. Let q(l) = l**2 + 5*l + 4. What is q(i)?
0
Let y(t) = -3*t + 35. Let d(f) = f - 12. Let g(x) = 8*d(x) + 3*y(x). Determine g(4).
5
Let h = 11 + -21. Let k = h - -13. Let j(m) = m. Let a(x) = 2*x - 1. Let f(n) = -2*a(n) + 5*j(n). Determine f(k).
5
Suppose i - 3*o - 4 = -4*o, 0 = -i - 2*o - 1. Suppose 8 = 5*c - 7. Suppose 0 = -0*f - c*f + i. Let z(r) = r**3 - 4*r**2 + r + 2. Give z(f).
-4
Let a(h) = h**2 + 3*h - 2. Let y(v) = -v**2 - 2*v - 2. Let o be y(-2). Give a(o).
-4
Let b(z) = -z**2 - 5*z - 5. Let s be b(-4). Let c(k) be the second derivative of -k**3/6 - k**2/2 - 4*k. Give c(s).
0
Let c(p) be the third de